3/3 - 5*w**2/2 - 4*w - 3. Let k(t) = -24*t**2 - 23*t - 3. Let f be k(-1). Determine h(f).
16
Let r be 0 - 0/(-2 + 3). Let a(t) = 23442*t**2 - 3 + 0 - 23443*t**2. What is a(r)?
-3
Let o = 13 + 1. Let h = 16 - o. Suppose 3*k - q = -2*k + 29, h*k + 4*q + 6 = 0. Let l(s) = -s**3 + 4*s**2 + 3*s + 4. Give l(k).
-6
Let o = 0 + 4. Let j(v) = v + 6*v**2 - o - 7*v**2 + 5. Let l(w) = -w + 10. Let c be l(12). Determine j(c).
-5
Let h(m) = -m**2 + 9*m - 2. Let z = -718 + 724. Give h(z).
16
Let z(o) = -o**2 + 3*o + 4. Let d be 2/6 + 152/57. What is z(d)?
4
Let z(m) = -m**3 + 2*m**2 + 5*m - 3. Let y be (-12)/(-9)*3*27/36. Calculate z(y).
3
Suppose 0 = -4*t - 6 + 14. Let i(w) be the first derivative of w**2 - 8*w - 2*w**t + 1 + 2*w**2. Calculate i(6).
4
Let v be -4 + (-40)/12*-3. Let z(g) = -4*g + 29. Let t(j) = -j + 3. Let d(q) = -q + 2. Let f(n) = -4*d(n) + 5*t(n). Let x(b) = -9*f(b) + 2*z(b). What is x(v)?
1
Suppose 5 = 2*v - 4*b - 15, -5*v - 10 = 5*b. Suppose m = v*m + 3. Let o(d) be the third derivative of -d**5/60 + d**4/24 + 2*d**3/3 - d**2. Determine o(m).
-8
Let q(m) be the second derivative of m**8/6720 + m**7/504 - m**6/90 - m**5/60 - m**4/3 + 4*m. Let l(x) be the third derivative of q(x). What is l(-6)?
10
Let f(b) = -b**2 + 10*b + 5. Let l = -241 + 251. What is f(l)?
5
Let j(q) be the second derivative of q**3/6 - q**2 + 27*q. Determine j(-5).
-7
Let s(m) be the third derivative of -1/120*m**6 - 7/6*m**3 + 11*m**2 + 0 - 2/15*m**5 + 0*m + 0*m**4. Give s(-8).
-7
Let h(d) = 5*d**2 + 4*d + 2. Let o(n) = 6*n**2 + 5*n + 3. Let c(b) = -5*h(b) + 4*o(b). Let l be 1/3*(-8 + 8). Calculate c(l).
2
Let c = 15 - 11. Let k be (2/4)/(c/(-64)). Let q be ((-48)/(-20))/(k/(-20)). Let u(d) = d**3 - 5*d**2 - 7*d + 7. Calculate u(q).
1
Suppose -3*b = g - 3*g - 27, b = -2*g + 1. Let p(y) = -y**2 + 4*y + 10. Give p(b).
-11
Let m(a) be the third derivative of -a**6/120 - 2*a**5/15 - a**4/24 + a**3/3 - 18*a**2. Let z be m(-8). Let q(o) = -o + 4. Give q(z).
-6
Let u(n) be the first derivative of 5*n + 2 + 1/2*n**2. What is u(-4)?
1
Let a(w) = 9*w + 14. Let f(y) = -6*y**2 + 16*y + 18. Let t be f(-1). Calculate a(t).
-22
Let u(b) = 4*b. Let v(p) = -p**2 - 15*p - 6. Let z be v(-14). Suppose -z*l - 4 = -4*l. Calculate u(l).
-4
Suppose -3*v + 10 = -3*s - s, 3*v = -2*s + 40. Suppose 40 = -25*g + 29*g. Let f = g - v. Let x(c) = -c - 8. Determine x(f).
-8
Suppose -4*v + 2 + 2 = 0. Let s(k) = 5*k - 1. What is s(v)?
4
Suppose -8 = 3*a - 7*a. Let h = -6 + a. Let j(p) = -4*p - 5. Let v(r) = 5*r + 4. Let d(f) = -4*j(f) - 3*v(f). What is d(h)?
4
Let x(d) be the third derivative of d**5/20 - d**4/24 - d**3/3 - 32*d**2. Let b be (-3 + 1 - 0)/1. Determine x(b).
12
Suppose -2*m - 5*d + 2 = -3, m + 3*d = 4. Let r(n) be the third derivative of -5/6*n**3 + 1/24*n**4 + 0*n + 2*n**2 + 0. Calculate r(m).
-10
Let a(k) = -2*k**2 + 2. Let b(c) = -3*c. Let m be b(1). Let l = -4 - m. Let o be (l/(-3))/((-3)/18). Determine a(o).
-6
Let p(g) = g**3 - 5*g**2 + 7. Let x = 4 + -11. Let r(y) = -3*y + 12 - 3*y + 7*y. Let a be r(x). Calculate p(a).
7
Let v(r) be the first derivative of 9 - 1/3*r**3 + 1/2*r**2 - 2*r. Determine v(2).
-4
Let h(m) = -3*m - 5. Suppose -39 = -5*x + q, -5*x - q + 37 = -4*q. Determine h(x).
-29
Let o(l) = -3*l + 4. Let d(w) = w**3 - 8*w**2 - 7*w - 10. Let j be d(9). Determine o(j).
-20
Let v(w) = w**3 + 8*w**2 + 12*w + 2. Let u = 640 - 646. Calculate v(u).
2
Let r(q) be the third derivative of -q**4/24 + q**3/6 - 118*q**2. Give r(1).
0
Suppose 0 = 4*d - 2*y - 22, -17 = -2*d - 3*y - 18. Let t(x) = 2*x**3 - 6*x**2 + 3*x - 1. Calculate t(d).
43
Let z(x) be the second derivative of -x**5/20 + x**4/3 + x**3/3 + x**2/2 - 16*x + 1. Let s = 5 - 1. Determine z(s).
9
Let q(n) = 131 + n + 129 + 4*n**3 - 259 + 8*n**3. Give q(-1).
-12
Let g(b) be the third derivative of b**4/24 + 4*b**3/3 - 134*b**2. Let v = 4 + -3. Let w be v/(1*2/(-12)). Calculate g(w).
2
Let k(w) = 5*w + 2. Let p(z) = 9*z + 4. Let x(d) = 7*k(d) - 4*p(d). What is x(-8)?
6
Let y(t) = -7*t + 49. Suppose -2*a + 6*i - 11*i - 13 = 0, a + i = 1. Determine y(a).
7
Let d be 4/(-4) - (2 + -1). Let b be ((-3)/(-3))/(2/4). Let x(q) = -4 - q - b*q**2 + 4 - 2. What is x(d)?
-8
Suppose 2*s = 8 + 22. Suppose -l - 16 = 2*y - 7, -2*y + l = s. Let z(t) = -t**2 - 8*t - 9. Determine z(y).
3
Let x(j) be the third derivative of j**4/24 - 4*j**3/3 - 2*j**2. Let t be 5 + (-1 - (-2)/1). Give x(t).
-2
Suppose 4*h + h = -4*j + 64, 4*h - 80 = 4*j. Let t(a) = -11 - 12*a - 7 + h*a + 26. Give t(-7).
-20
Let u = 6/5 - -3/10. Let l(a) be the third derivative of 1/12*a**4 + 0 - 3*a**2 - u*a**3 + 0*a. Calculate l(6).
3
Suppose -10 - 2 = 4*o. Let p(h) = -2*h - 1. Let t(v) = -v. Suppose -3*a = q + 35, -5*a + 3*q + 38 = 87. Let u(r) = a*t(r) + 6*p(r). Calculate u(o).
-3
Let a(b) = b**3 - 3*b**2 - 4*b - 2. Suppose -f - 18 = -4*f. Suppose 0 = f*c - 5*c. Suppose c = 3*n - 10 - 2. Give a(n).
-2
Let h = 14 + -5. Let w(l) be the first derivative of l**3/3 - 11*l**2/2 + 13*l - 122. Calculate w(h).
-5
Let i(d) = -d**3 - d**2 + 5*d + 12. Suppose 2 - 24 = -2*m. Let u(w) = 2*w**3 + w**2 - 10*w - 23. Let c(n) = m*i(n) + 6*u(n). Let g = 4 + 2. What is c(g)?
0
Let b(d) = d**2 - 3*d + 1. Let n(u) = 4*u**2 - 22 + 0*u**2 - 5*u**2 - 2*u - 10*u. Let f be n(-9). What is b(f)?
11
Suppose -3*l + 27 = -4*c, 5*l - 4 = 3*c + 19. Let x(z) be the third derivative of z**5/60 + z**4/3 + z**3 - 3*z**2 + 43. Determine x(c).
-6
Let r(h) = -2*h**2 - 17*h - 19. Let s(p) = -p**2 - 8*p - 9. Let b(w) = -4*r(w) + 7*s(w). Give b(-11).
2
Let w(c) = 5 + c**2 - 5*c - 3 - c. Let k = 267 + -261. Determine w(k).
2
Let p(j) be the third derivative of j**5/30 - j**4/8 + 2*j**2. Suppose -4*c - s + 3 = 0, 5*c - 4*s = -3 + 33. Calculate p(c).
2
Let z(i) = -i**2 + 2*i + 14. Let g = 1333 + -1337. Calculate z(g).
-10
Suppose 0 = -3*l + 3, 0 = -3*t - l - 0 - 14. Let w(r) be the first derivative of 0*r + 2*r**3 + 1/4*r**4 + 3*r**2 - 6. What is w(t)?
-5
Let q(c) be the second derivative of c**4/12 + 3*c**3/2 + 17*c**2/2 + c + 34. What is q(-7)?
3
Let q(a) = -a**2 - 19*a**2 + 4*a**2. Let n(l) = -l**3 + 15*l**2 - l + 16. Let k be n(15). Give q(k).
-16
Let y(w) = w**2 - w + 6. Let d(x) = -x**2 + 24*x - 104. Let v be d(18). What is y(v)?
18
Suppose 0 = -4*f + 3*f + 4, -3*t + 2*f - 2 = 0. Let c(h) = 2*h**2 - 1. What is c(t)?
7
Let n = -55 + 137. Let z = n - 74. Let j(t) = t + 3. What is j(z)?
11
Let h(p) = -4*p - 2*p + 2*p + 3*p + 6. Determine h(11).
-5
Let p(c) be the first derivative of 3*c**2/2 - 5*c - 4. Suppose -6*m = -9*m - 15. Let d be m/2*(7 - 9). What is p(d)?
10
Let m(p) = p**2 - 3*p. Let b(d) = d**3 - 4*d**2 - d - 3. Let h = -13 + 16. Let l be b(h). Let r = l - -20. Calculate m(r).
10
Let j(b) = 4*b**3 - b**2 - 2*b - 1. Let v be (1/(-1) - -4) + -1. Let w be 4 - v - 4 - -2. Suppose w = 5*p + 5 - 0. What is j(p)?
-4
Let u be (-67 + 66)/(0 + 2/(-6)). Let b(n) = -n**3 + 5*n**2 - n - 2. Give b(u).
13
Let h(p) = -p - 5. Let v(i) = -1. Let y(o) = h(o) - 5*v(o). Let t(w) = 19*w**2 + 4*w. Let f(z) = t(z) + 4*y(z). What is f(-1)?
19
Let v(f) = -2*f + 3. Let o = -101 - -105. Let g(h) = -h - 1. Let d(q) = o*g(q) + v(q). Give d(1).
-7
Let z(y) = y**2 - 9*y - 7. Let r be z(10). Suppose -4*a - 23 = -c, -r*c = 2*c - 2*a - 25. Let j(f) = f**2 - 4*f - 1. Calculate j(c).
-4
Let m(w) = 24*w - 396. Let b be m(16). Let n(j) = j**2 + 9*j - 37. Determine n(b).
-1
Let r(f) be the third derivative of f**4/12 - f**3/6 - 2*f**2. Let v(l) = -2*l + 2. Let w(g) = -5*r(g) - 4*v(g). Suppose 4*y + 0 - 12 = 0. Calculate w(y).
-9
Let w(m) = -m**3 - 3*m**2 + 4. Let q be w(-3). Let u(c) be the first derivative of -c**4/4 + 2*c**3 - 7*c**2/2 + 6*c - 9. Calculate u(q).
10
Let c(y) = -38*y**3 - 5*y**2 - 5*y - 19. Let v(f) = -13*f**3 - 2*f**2 - 2*f - 7. Let t(i) = 4*c(i) - 11*v(i). Give t(-1).
10
Let m(l) = l**2 - 3*l - 3. Let w be m(-2). Let t(b) = -b - 5*b**2 + w*b**2 - b**3 + 4*b + 7 + 2*b**2. Calculate t(5).
-3
Let v(s) be the second derivative of s**6/720 - s**5/24 - s**4/4 + s**3/6 - 5*s + 1. Let z(p) be the third derivative of v(p). Determine z(10).
5
Let z(s) = 3*s**2 + 5*s + 31. Let j(n) = -n**2 + n + 1. Let u(a) = 4*j(a) + z(a). Determine u(12).
-1
Let m(v) = 14. Let p(l) = l + 1. Let n(t) = -m(t) + p(t). Let o(s) = -s**3 - 3*s**2 + 5*s + 1